*h. Let d be 2/(-3) - (-272)/12*1. Calculate the highest common divisor of d and h.
11
Let v = -137 - -163. Suppose -5*k + 5410 = 5*z, -5*z - v = -11. Calculate the highest common factor of k and 35.
35
Let i(m) = 5*m**2 + 35*m + 2469. Let p be i(-38). Calculate the highest common factor of 13 and p.
13
Let y be -3 + 0 + 3 + -1 + 3. Suppose -i - 5*a + 270 = y*i, 2*a = -2*i + 180. What is the highest common divisor of 10 and i?
10
Let v = 239 + -167. Suppose -2*f = -f + 42. Let g = 50 + f. What is the greatest common divisor of v and g?
8
Let w(r) = 26*r - 964. Let b be w(38). Calculate the greatest common factor of b and 120.
24
Let v(p) = -2*p**2 + 93*p - 2. Let i be v(24). What is the highest common factor of i and 392?
98
Suppose 67 = c - j - 21, j = -3*c + 272. Let u = -34560 - -34596. What is the greatest common divisor of c and u?
18
Let m(s) = -s**3 - 38*s**2 - 60*s + 139. Let t be m(-37). What is the greatest common divisor of t and 90?
90
Suppose 6788 - 1702 = 2*i + b, -2*i + 5062 = -5*b. What is the greatest common factor of i and 21?
21
Suppose 5*y - 17 = 23. Suppose -6*q - y = -10*q. Suppose -5*n = q*k - 4*n - 3, -4*n = 4*k. What is the highest common divisor of 1 and k?
1
Let l(r) = -709*r + 9972. Let u be l(-17). What is the highest common divisor of u and 25?
25
Suppose 34*b = 27*b - 3710. Let r = b - -556. What is the highest common factor of 273 and r?
13
Suppose -3*x - 396 = -3*l, 0 = -4*l - 10*x + 5*x + 564. Let h(z) = z**2 + z + 170. Let y be h(0). Calculate the highest common factor of y and l.
34
Let z(s) = 37*s**2 + 106*s - 335. Let r be z(6). What is the greatest common factor of 923 and r?
71
Suppose 3*r = 213 + 72. Let d be 12/(-4 - 495/(-121)). Let k be 1 - d/(-30) - (-12)/(-30). What is the greatest common factor of r and k?
5
Suppose 2*h - 2*l = 28, 12*h = 9*h + 2*l + 39. Let x = 149 + -48. Suppose -5*n = j - 43, -5*n - x = -3*j - 12. Calculate the greatest common divisor of j and h.
11
Let i be ((-3)/(-4))/(13/4 + -3). Suppose -123 = -0*t + i*t + 3*s, -2*s = 4*t + 166. Let b = -32 - t. Calculate the highest common factor of 40 and b.
10
Let m(p) = -14*p - 137. Let z be m(-10). Suppose -z*x + 55 - 7 = 0. Calculate the greatest common divisor of x and 72.
8
Let b = -11506 + 12405. Calculate the greatest common factor of 464 and b.
29
Suppose 15606 = -441*m + 475*m. Calculate the greatest common factor of m and 54.
27
Suppose -18422 - 4458 = -8*s. Suppose -15*k - s = -37*k. What is the highest common factor of 26 and k?
26
Let m(y) = 16*y + 49. Let w(i) = -24*i - 73. Let p(d) = -8*m(d) - 5*w(d). Let l be p(-6). Calculate the greatest common factor of l and 49.
7
Suppose -3*p - 4*a + 818 + 6684 = 0, -5*a - 2469 = -p. What is the highest common divisor of p and 430?
86
Suppose 0 = -6*r + 11*r - 5. Suppose -2*f + r - 5 = 0, 4*o - 3*f = -102. Let p be o/3*(-3 - (-4 - -3)). Calculate the highest common factor of p and 54.
18
Suppose -3*b + 30 + 129 = 5*w, 4*w + 3*b - 123 = 0. What is the highest common factor of 5820 and w?
12
Let i = -12 - -14. Suppose m = j + 10, i*m - m = -4*j - 5. Suppose m*d - 144 = -d. Calculate the highest common divisor of d and 144.
18
Let f be ((-4)/2 + -9)*-13. Suppose -f*w = -137*w - 66. Calculate the highest common factor of w and 671.
11
Let r(p) = 2*p**3 - 3*p**2 + 3*p. Let g be r(3). Let l = -721 + 717. Let v be 20 + (l + 4 - -4). What is the highest common divisor of v and g?
12
Let w = 1 + 4. Suppose 3 - 6 = -2*l - z, -2*l + 7 = w*z. Suppose p + r = 13 - l, 5*r = 4*p - 12. What is the greatest common factor of p and 72?
8
Let i be 2/(-28) + 26286/1092. Calculate the highest common divisor of i and 39.
3
Let d(c) = 9*c - 264. Let z be d(36). Calculate the highest common factor of 1020 and z.
60
Suppose 3*m = -5*q + 105, -2*m - q + 26 = -37. Suppose m = c + 17. Let t be 132 - (1 - (0 + -1)). Calculate the greatest common divisor of t and c.
13
Let d = 18 - -47. Suppose -v - 5 = 0, -28*u + 2*v = -32*u + 2070. What is the greatest common factor of u and d?
65
Let w(a) = 4*a + 12. Let x be w(-6). Let d be (-43)/(-15) - x/90. Let y = 16 - d. What is the highest common factor of 117 and y?
13
Suppose -2*o = 3*x - 124, 0 = 15*x - 10*x - 4*o - 170. Let d be 5 + (-330)/70 + 24/14. Calculate the greatest common divisor of x and d.
2
Suppose 0 = -5*w + 3*w + 2*r - 266, -5*w = 2*r + 630. Let g = w - -67. Let h = g - -171. Calculate the greatest common divisor of 44 and h.
22
Let o be (-3 + -3 + 2)*-1. Suppose 0 = 3*b + 2 + 1, -o*a - b + 1959 = 0. What is the greatest common divisor of a and 70?
70
Let s be (16/(-3))/(102/68*4/(-63)). What is the highest common factor of s and 1064?
56
Let d = 222 + -220. Let k = d - -114. Calculate the greatest common factor of 145 and k.
29
Let s = -3 - -4. Let u be -7 - (3 + 0/s). Let n be (-40)/(-2)*(-104)/u. What is the greatest common divisor of 52 and n?
52
Let a be 4374/5 + ((-8)/(-25))/(114/(-285)). Calculate the greatest common divisor of 1178 and a.
38
Suppose 2*s - 1761 = -433. Suppose 73*f + 27049 = 818*f - 34786. Calculate the greatest common factor of f and s.
83
Let b be -1 + (1 - (6 + -2)). Let t be 2/((-35)/10 - b). Calculate the greatest common factor of t and 52.
4
Let h(o) = 4*o**3 + 2*o**2 - 8*o + 16. Let n be h(7). What is the highest common divisor of 208 and n?
26
Let b(z) = z**3 + 41*z**2 - 113*z - 4060. Let x be b(-38). Calculate the greatest common factor of x and 36.
6
Suppose -119 = 14*z - 49. Let i be (z - -4)/(2*(-8)/224). Calculate the highest common divisor of 448 and i.
14
Suppose 46*y - 589 = 3*y + 443. What is the greatest common factor of 9 and y?
3
Let h be (-2772)/35*60/(-8). Let f be (42 - -2)*(-2 + 5/2). What is the greatest common factor of h and f?
22
Suppose 12*f = 4217 + 1663. Let q be (-1 + -14)*6*2/(-18). What is the highest common factor of q and f?
10
Let g(v) = 3*v**2 - 109*v + 1418. Let q be g(22). What is the highest common factor of q and 9204?
236
Suppose 45*q - 1116 = -96*q + 1845. Calculate the highest common divisor of q and 343.
7
Let x = 88 + -70. Let c be (-4)/x - (-8)/(-72)*-83. Let v(k) = k**3 - 10*k**2 + 11*k - 13. Let o be v(c). What is the greatest common divisor of o and 20?
5
Suppose -12*g = -261 - 123. Let m be 109 + 6/(8 + -7 + 1). What is the highest common factor of g and m?
16
Suppose 6*o = 181 + 107. Let x be ((-208)/o)/((-3)/18). What is the greatest common divisor of x and 52?
26
Let q(x) = 51*x + 615. Let l be q(0). What is the highest common factor of l and 30?
15
Let w be 116 + 10*(105/(-14))/(-15). Calculate the highest common divisor of 275 and w.
11
Suppose 448 = 10*r - 2*r. Suppose 60*h - 8 = r*h. Let l = -185 - -190. Calculate the greatest common divisor of h and l.
1
Let g = -13 + 17. Suppose -2*t + 4 = 5*w, w - 2*t = g*w. Suppose 2*s - 3 = s - 4*r, -5*s + 59 = -w*r. Calculate the highest common divisor of 88 and s.
11
Let u = -2198 - -2451. Calculate the highest common factor of 483 and u.
23
Suppose 0 = -2*q + 8, -4*u - 5 + 105 = 4*q. Calculate the greatest common factor of u and 693.
21
Let w = 1598 - 1451. Calculate the highest common factor of w and 9408.
147
Let a(q) = -2311*q - 777. Let s be a(-1). What is the greatest common divisor of s and 208?
26
Let h = 3207 + -2558. What is the highest common factor of h and 177?
59
Let b = -46 - -51. Let x be 210/(-9) - b/(-15). Let n = x + 28. What is the highest common divisor of n and 5?
5
Let l = -11751 - -12123. What is the greatest common divisor of 156 and l?
12
Suppose 6*b - 35 - 13 = 0. Suppose 0 = -b*h - 0*h + 4032. Calculate the highest common factor of h and 24.
24
Suppose -5*b + 25 = -2*o, o - 25 = -5*b + 2*o. Let k be b*(0 - (-4)/(-10)). Let m be 20 - -93 - 1/(k - -3). What is the greatest common factor of 28 and m?
28
Let y = 45 + -41. Suppose y*c - 15 = -c. Suppose 2*w - 5*o = -12, c*o - 12 = w - o. Calculate the highest common divisor of w and 6.
2
Let u = 5558 + -4406. Calculate the highest common factor of 54 and u.
18
Let w be (-4)/(-28) + 30860/70. What is the highest common factor of w and 2793?
147
Suppose r - 366 = -3*c + 6, -3*r - 2*c = -1116. Suppose -4*b + r = -0*b + 4*v, b - 99 = -3*v. Calculate the highest common factor of 20 and b.
10
Let u be 1/(((-3)/(-20))/((-252)/(-105))). Suppose -u = 2*t - 34. Cal